 3*h - 6. Let r be 3 + 1/((3/h)/123). Suppose 4*z = u - 22, 2*z - r = -2*u - z. What is the remainder when 39 is divided by u?
17
Let l(d) = -140*d - 873. Let b(c) = 3*c - 1. Let m be b(2). Let f(w) = -w**3 + 7*w**2 - 6*w - 2. Calculate the remainder when l(-7) is divided by f(m).
17
Let q(f) = f**3 - 14*f**2 + 5*f - 11. Let x be q(14). Let j = 121 - x. Calculate the remainder when j is divided by 11.
7
Suppose -1074 = -2*x - 188. Suppose -9*d - 74 = -x. Suppose 37 = s + 3*q, -4*s + s + 5*q = -41. What is the remainder when d is divided by s?
19
Suppose 100*m - 96*m - 128 = 0. Let l = -35 - -128. What is the remainder when l is divided by (m*-1)/(-6 - -4)?
13
Suppose w - 13*c - 3622 = 0, -8*w + 4*w = 5*c - 14317. What is the remainder when w is divided by 22?
19
Suppose -29 = -5*d + k + 339, 5*d = -3*k + 376. Let b = 115 - d. Suppose 0 = -o + 4*h - 2*h + 79, -o = -5*h - 76. What is the remainder when o is divided by b?
40
Let j = -2401 - -2430. What is the remainder when j is divided by ((-1)/(-1))/(1/10)?
9
Suppose 5*b - 19171 = -g, -2*b + 11507 = b + 5*g. What is the remainder when b is divided by 137?
135
Suppose 3*d - 4974 = -3*h, -6*d - 42 = -60. Calculate the remainder when h is divided by 24.
23
Suppose k = a + 322, -10 = -10*a + 8*a. What is the remainder when k is divided by ((-6)/1)/(2/(-5))?
12
Suppose -1195*r + 1197*r - 1166 = 0. Calculate the remainder when r is divided by 132.
55
Suppose -r - 5 = 7. Calculate the remainder when ((-2)/(-4))/((-1)/2) + 10 is divided by (9/(-12))/(3/r).
0
Suppose -i + 4*i - 4*j - 23 = 0, 0 = -5*i + 3*j + 31. Let y be 18/(-99) - 20/11. Let f = 2 - y. Calculate the remainder when i is divided by f.
1
Let k(v) = -4*v**2 + 11*v + v - 25 + 3*v**2. Let r be k(8). Let g = 27 - r. Calculate the remainder when 46 is divided by g.
6
Suppose -g + 376 = -2*y, -10*g + 5*y = -12*g + 743. Calculate the remainder when g is divided by (-404)/(-28) - 36/(-63).
14
Let r be (-39)/(-5) + (20/(-25) - -1). Let i(g) = 2*g**2 - 3*g**2 - r + 7*g**3 - 8*g**3 + 2*g**2. What is the remainder when i(-3) is divided by 8?
4
Let i(x) be the second derivative of x**5/20 - x**4/6 + x**3/2 + x**2 - 81*x. Calculate the remainder when i(2) is divided by 2.
0
Let y(w) = w + 4. Let d be y(3). Suppose -5*m - r + 2058 = 0, -3*m + 6*r + 1234 = d*r. Calculate the remainder when m is divided by 83.
80
Suppose q + 0 = 26. Let o be 14/42 + 852/9. Suppose -96*b + 6 = -o*b. Calculate the remainder when q is divided by b.
2
What is the remainder when -5 + 2 - 1 - (-169 + -18) is divided by -81*(-8 - 0)/24?
21
Let t(z) = -z**2 + 6*z - 10. Let x be t(5). Let l = 8 + x. Let b(r) = 81*r - 26. Calculate the remainder when b(l) is divided by 44.
41
Let q(z) = 3*z - 2 + 2 - 5. Suppose 5 + 15 = 5*s. Calculate the remainder when 20 is divided by q(s).
6
Suppose -4*q - q = -285. Suppose -2*h - 95 = -x, h = 4*h + 3*x + 129. Let o = h + q. What is the remainder when o is divided by 3?
2
Let m be -3*((-12)/9 + 1) - 21. Let p(t) = -3*t**2 - 61*t + 49. Suppose 4*w + 0*w - 144 = 0. Calculate the remainder when p(m) is divided by w.
33
Suppose -3*f + 2*i = -39, 0 = 2*f + 5*i - 30 - 15. Let q(y) = -55*y + 17*y + 28 + 15*y + 17*y. Calculate the remainder when f is divided by q(4).
3
Let q(t) = -t**2 + 345*t - 2346. Let d = 793 + -559. Suppose d + 74 = 4*s. What is the remainder when s is divided by q(7)?
17
Calculate the remainder when 370 is divided by 1 - 4*(-221)/68.
6
Suppose -6*z = -29 + 5. Let x(q) = -2*q**2 + 2*q + 10. Let v be x(z). Calculate the remainder when v*(-4 + 3/(-6)) is divided by 16.
15
Let x = -14 - -26. Let d(u) = u**3 + 4*u**2 - 6*u + 15. Let i be d(-5). Let g(j) = 2*j - 33. Calculate the remainder when x is divided by g(i).
5
Let r(f) = 39*f + 2060. Calculate the remainder when 6158 is divided by r(-50).
108
Let z(n) = -n**3 + 7*n**2 + 4. Let y be (51/(-7) - 0) + (-6)/(-21). Calculate the remainder when z(6) is divided by y + (-711)/(-99) + 240/11.
18
Let k be 12/(-10)*(-1460)/(-6). Let z = k - -339. Calculate the remainder when z is divided by 12.
11
Let i(d) = d**2 + 58*d + 279. Let v = -678 - -625. Calculate the remainder when 404 is divided by i(v).
12
Suppose -2*y + 3*c + 1090 - 963 = 0, 223 = 3*y + 2*c. Calculate the remainder when 1418 is divided by y.
69
Let r = -351 + 353. Suppose -r*u + 2*o + 0*o = -280, 4*u - 3*o - 555 = 0. What is the remainder when u is divided by 50?
35
Suppose -4*d = f - 81, -5*f + d + 598 - 130 = 0. Calculate the remainder when 462 is divided by f.
90
Suppose 0 = -v + 394 - 78. What is the remainder when v is divided by 170?
146
What is the remainder when 3/(9/300) - (-16)/(-4) is divided by (-4 - (-115)/25) + (-1135)/(-25)?
4
Suppose -2*d - 28 = -3*l + 193, 4*l = -d + 291. What is the remainder when 10030/35 + 2/7*-2 is divided by l?
67
Let w(l) = -4*l**2 - 311*l - 65. What is the remainder when 176 is divided by w(-77)?
10
Suppose 8*s + 1773 - 2197 = 0. Calculate the remainder when 259 is divided by s.
47
Suppose -4*m - 5*r = -2*m + 179, 3*m + 3*r = -273. Let g = 89 + m. Calculate the remainder when 34 is divided by (g - 0) + 0 - -10.
6
Let c(a) = 13*a**3 + 8*a**2 - 16*a + 6. Let w(b) = -b**3 + b**2 - b + 1. Let q(n) = c(n) - 5*w(n). What is the remainder when q(2) is divided by 34?
33
Let z(y) = 2 - 7 - 21*y - 8*y - 2*y**2 - 24. What is the remainder when z(-11) is divided by 7?
6
Let w be 8162/5 + 4/(-10). Suppose w = -2*x + 10*x. Suppose 2*b = -0*b + x. What is the remainder when b is divided by 26?
24
Let f(d) be the third derivative of -d**4/3 - 4*d**3/3 + 28*d**2. Calculate the remainder when 2/4*3*858/99 is divided by f(-2).
5
Let v(k) = 30*k**2 - 177*k + 520. Calculate the remainder when v(3) is divided by 373/7 + 1/(42/(-12)).
47
Let y = -34 + 72. Let b = y + -34. Suppose 0 = -b*m - r + 14, -3*m - 2*m + 5*r = -5. Calculate the remainder when m is divided by 2.
1
Suppose -118*c + 16065 + 9776 = -13689. Calculate the remainder when c is divided by 75.
35
Let l = 3186 + -2892. What is the remainder when l is divided by 238?
56
Let n = -97 - -67. Calculate the remainder when 246 is divided by ((2 - 1) + 20/n)*45.
6
Calculate the remainder when 4/((-2)/(-2) + (-874)/(-11856)*-13) is divided by 543/12 + 2/(-8).
6
Let o = 205 - 116. Let m = 298 - 296. Let x(n) = 5*n**2 + 4*n - 5. Calculate the remainder when o is divided by x(m).
20
Suppose -k + 5*k = 16. Suppose 2*c - 4*c = -3*a - 42, -5*a - 82 = -k*c. Suppose -c - 11 = -o. Calculate the remainder when o is divided by 10.
9
Let u = 10122 - 10037. Calculate the remainder when 336 is divided by u.
81
Let d = 4407 - 3085. Calculate the remainder when d is divided by 147.
146
Let b be 12/3*-1 - -4. Suppose b = -4*m + 2*s + 590, -2*m - 27 = 2*s - 325. What is the remainder when m is divided by 25?
23
Let u = -8307 + 9725. What is the remainder when u is divided by 101?
4
Calculate the remainder when ((-1864030)/(-40))/31*4 is divided by 17.
12
Let g be (1 - 3) + (0 - -5). Suppose 0 = 5*f - 2*k - 151 - 57, g*f = k + 125. Let d = 452 + -369. Calculate the remainder when d is divided by f.
41
Suppose t - 53 - 24 = 0. Let o(w) = -w**3 - w**2 + 7*w - 6. Let j be o(2). Let k = t + j. Calculate the remainder when k is divided by 25.
23
Suppose 4968 = 49*f + 23*f. Suppose 646 = 3*r + 46. Suppose -5*h = 5*p - r, -2*h - 2*p + 92 = 3*p. Calculate the remainder when f is divided by h.
33
Let m(j) = -38*j - 25. Suppose -7 = -5*s + 3*y, -7 - 8 = -5*s - 5*y. Suppose 0 = s*a - 7 - 21. Calculate the remainder when m(-2) is divided by a.
9
Let w = 6269 - 2931. Suppose -21*v + w + 2353 = 0. What is the remainder when v is divided by 55?
51
Suppose 0 = 20*f - 14*f - 6. Let x(r) be the second derivative of 5*r**3/6 - 3*r**2/2 + 7*r. What is the remainder when 30 is divided by x(f)?
0
Let v(c) = 201*c + 204. What is the remainder when v(9) is divided by 13?
11
Suppose -5*s + 81 = -104. Let l = -286 - -293. Let i = 79 - l. What is the remainder when i is divided by s?
35
Suppose -x = 7*h - 1468, x - 19*h = -18*h + 1428. Calculate the remainder when x is divided by 10.
3
Calculate the remainder when (-999*2)/(-6) + -4 + (12 - 3) is divided by 69.
62
Suppose -55950*n = -55955*n + 720. Calculate the remainder when 17998 is divided by n.
142
Suppose f + 3 = 1. Let l = 36 - f. Suppose